se -u - 8 = m*g. Give c(g).
-2
Suppose x - 2 = -0. Suppose 3*h - 45 = 3*o + x*o, 4*o - 4*h + 44 = 0. Let y(t) = t + 2. Give y(o).
-4
Let d(b) = 3*b - b - 3*b + 4. Determine d(3).
1
Let p(f) = -f**2 - 2*f + 4. Let d(n) = -n**2 + 9*n - 3. Let v be d(9). Calculate p(v).
1
Let q = -17 - -22. Let v(o) = o**3 - 5*o**2 + 2*o - 3. Calculate v(q).
7
Suppose t - 6*t = 10. Let d(h) = 6*h**3 + 6*h**2 - 3. Let w(p) = -7*p**3 - 7*p**2 + 4. Let i(u) = -5*d(u) - 4*w(u). Determine i(t).
7
Let u(v) = v**3 + 21*v**2 - 6. Let i be u(-21). Let w(h) = h**2 + 8*h + 8. Determine w(i).
-4
Let k(h) = -2*h**2 - 2*h + 1. Let m(t) = 2*t + 4. Let v = 4 - 4. Let w = v - 3. Let a be m(w). Calculate k(a).
-3
Let j(d) be the third derivative of -7/24*d**4 + 0*d**3 + 0*d + 0 - 1/120*d**6 + 2/15*d**5 - 5*d**2. What is j(7)?
0
Suppose -2*i + 0*c - 3*c - 17 = 0, -12 = i + 5*c. Let k(w) = w**2 + 6*w. What is k(i)?
7
Suppose -7*r + 4*r = 15. Let m(w) = -w**2 - 7*w - 1. Calculate m(r).
9
Let s(o) = -o + 1. Let n = -15 + 17. Give s(n).
-1
Let q(z) = -3*z + 23. Let y be q(5). Let w(p) = p**3 - 8*p**2 - 9. Determine w(y).
-9
Suppose -2*z - 4 = -2*s, 3*z = -0*s + 5*s - 8. Let u(o) = -o**3 + s - 6*o**2 - o + 3*o**2 + 1. Let l(p) = p - 10. Let r be l(8). Calculate u(r).
0
Let b = -56 - -50. Let s(d) = d**2 + 4*d - 2. What is s(b)?
10
Let k(p) = 9*p. Let o be (-7)/(-5) + (-15)/(-25). Determine k(o).
18
Let p = 4 - -8. Suppose -6 = -3*u + p. Let x(w) = w**3 - 5*w**2 - 8*w + 4. Calculate x(u).
-8
Let a be ((-5)/3)/(1/(-3)). Suppose -c = -a*h, -3*c = -3*h + h - 13. Let z(i) = i**2 - 8*i + 7. Give z(c).
-8
Let i(y) = y - 2. Suppose -3*c + 9 = -12. Determine i(c).
5
Suppose -3*q + 28 = -14. Let b = q + -24. Let d = b - -7. Let l(v) = v**3 + 2*v**2 + 1. Give l(d).
-8
Suppose 1 = 2*o + 5. Let z(p) = -1. Let n(s) = 2. Let h(d) = 4*n(d) + 5*z(d). Let y(q) = q + 1. Let j(w) = -h(w) + y(w). Calculate j(o).
-4
Let w(f) = -f**2 + 3*f - 2. Let c be w(2). Suppose -2*a - 12 + c = 0. Let y(x) = x**2 + 6*x - 2. What is y(a)?
-2
Let r be ((-2)/(-3))/(-2 + 4/3). Let w = -11 + 15. Let z(x) = -w*x + 1 + 2*x - 3*x. Determine z(r).
6
Let u(q) = 27*q**3 + 6*q**2 + 6*q - 5. Let z(g) = -80*g**3 - 17*g**2 - 17*g + 14. Let o(r) = 17*u(r) + 6*z(r). Determine o(-1).
20
Let t(k) = -3*k. Let g(b) = 2*b**3 - b**2 + 1. Let x be g(1). Let l = x - 0. Suppose -l*f - 3 = -m - 3*f, m = -5*f + 19. Determine t(m).
3
Let k(o) = -6 - o + 2*o - 2*o - o**2. Suppose p + 3*h - 12 = 0, -2*h + 6*h = 16. What is k(p)?
-6
Let w be (2/(-3))/(2/6). Let s be (w - -2)/(3/(-3)). Let o(r) = 3*r - r + s*r. Calculate o(1).
2
Let k(l) = -10*l + 1. Let z = -3 - 3. Let a be (z/12)/((-1)/(-2)). What is k(a)?
11
Let y be (8/(-12))/((-4)/(-30)). Let n(j) = j - 3. What is n(y)?
-8
Let g(z) = z**3 + 6*z**2 + 6*z + 1. Let s be g(-4). Let o(y) = -1 + s*y + 0 - 8*y. Let j be o(5). Let r(w) = -w**3 + 3*w**2 + 5*w + 1. What is r(j)?
5
Let q(u) be the first derivative of -u**4/24 + u**3/6 - 7*u**2/2 + 4. Let i(m) be the second derivative of q(m). What is i(-4)?
5
Let r = 17 - 22. Let l(i) be the first derivative of -3*i**2/2 - 6*i - 5. Determine l(r).
9
Let d(g) = 5*g + 2. Let c(k) = 6*k + 1. Let v(a) = -3*c(a) + 4*d(a). Determine v(-4).
-3
Let a(c) = c. Let o(f) = 5 - 4 - f - 4 + 2. Let l(n) = -2*a(n) - o(n). Determine l(-1).
2
Suppose 3*p - 2*r = -8, 3 = -0*p - p + r. Let o(l) = 23*l**2 - 24*l**2 + 4*l - 2*l + 3. What is o(p)?
-5
Let d(p) be the second derivative of -p**4/4 + p**2/2 - 20*p. Determine d(-2).
-11
Let c(d) = d + 4. Let v be c(0). Let z(n) = 3 + 1 - 3*n - 4*n**2 - 4*n**3 + 5*n**3 - v*n. Give z(5).
-6
Let u(o) = -o**2 + 2*o - 3. Let v = -11 - -16. Suppose 0 = -5*n + 10, -2*l + v*n + 6 = n. Let q = l + -4. What is u(q)?
-6
Suppose 2*o = -o. Let z(h) = -5*h - 2*h + 0 + o. Calculate z(2).
-14
Let i(d) = -38*d + 40. Let v(g) = -13*g + 14. Let y(z) = 6*i(z) - 17*v(z). Calculate y(2).
-12
Let u(g) = g**3 + 5*g**2 - 6*g + 10. Let n be u(-6). Let y(a) = -a**3 + 10*a**2 + 3. Determine y(n).
3
Let x(s) = -2*s + 3. Let i be (((-224)/(-21))/(-8))/((-1)/3). Determine x(i).
-5
Let u(y) = -y**3 - y + 1 + 3*y**2 - 2 - 2*y**2. Let n = 2 + 2. Suppose 0 = 3*q - g - g - 3, -g = n*q + 7. Give u(q).
2
Let r(c) = 11*c**3 + 0*c**2 - 1 + c**2 + 0*c - 4*c**3 + c. What is r(1)?
8
Let n = -4 - -6. Let f(c) = 2*c - 4. Let j be f(3). Suppose -n*h = j*h - 4. Let x(a) = 5*a**3 - a + 1. Calculate x(h).
5
Let h = -6 - -11. Let d(p) be the third derivative of -p**5/120 - p**4/24 - p**3/6 - 2*p**2. Let g(c) be the first derivative of d(c). What is g(h)?
-6
Let k(m) = 3*m + 5. Let w(l) = -7*l - 11. Let j(g) = -5*k(g) - 2*w(g). Let v be (-4)/14 - (-8)/28. Suppose 5 = -v*x - x + 5*s, -x = 5*s - 5. Give j(x).
-3
Let u(p) = -4 + 8*p + 1 + 2. Give u(2).
15
Suppose 2*w + 0*w = 0. Let u(k) = -4 + 2 + k + 2*k. Let b(a) = -4*a + 2. Let g(j) = 2*b(j) + 3*u(j). What is g(w)?
-2
Let v(g) = 4 - 4 - g + 1 - 3 + 3*g**2. Suppose 0*t - 5 = -5*j - 5*t, 0 = j - 4*t - 6. What is v(j)?
8
Let k(d) = -10*d. Let q be k(-1). Let y = -2 + q. Let m(z) = -z**2 + 8*z - 1. Let g be m(y). Let u(h) = 8*h**3 - h. Calculate u(g).
-7
Let a(x) = -1 + 0 - x + 2*x. Determine a(-1).
-2
Let r = -53 - -53. Let m(b) = -5 + b - 6 + 5. What is m(r)?
-6
Let v(m) = 1. Let q(l) = l + 5. Let t(u) = q(u) - 6*v(u). Let b(y) = -2*y**2 - y + 2. Let k(w) = b(w) - 2*t(w). Determine k(-3).
-5
Let x(r) = -r**2 - 5*r + 4. Let s be x(-5). Let p(y) = -y**3 + 5*y**2 - 3*y + 1. Calculate p(s).
5
Let r(w) = -w. Let a(s) be the third derivative of -s**6/120 + s**5/60 - s**4/24 + s**3/3 + 2*s**2. Let y be a(2). Let b = -9 - y. Calculate r(b).
5
Let o(p) = -2*p**2 + 6*p + 6. Let k(j) = j - 3 + 5 - 1 - j**2. Let x(u) = -3*k(u) + o(u). Let b = -168 - -165. What is x(b)?
3
Let z = 4 - 5. Let k be z/(-3) + 10/6. Suppose -4*f = -s - 19, -k*s - 12 = -3*f + s. Let i(w) = -w**2 + 5*w - 1. Calculate i(f).
-1
Suppose 2*d + 3*o = 6*o + 10, 2*d = o + 6. Suppose -5*l + 2*g - g = 21, -3 = l + g. Let v = d + l. Let q(s) = -s**2 - 4*s. Calculate q(v).
4
Let i(q) = q**2 - 8*q - 4. Let x be i(8). Let t(o) = o**2 + 10*o + 6. Give t(x).
-18
Let r(t) = -6*t**3 - 6*t**2 + 9*t + 8. Let k(y) = 5*y**3 + 5*y**2 - 8*y - 7. Let n(b) = -7*k(b) - 6*r(b). Determine n(-2).
-7
Let g = 16 - 10. Let y = g - 8. Let v(o) = -7*o - 3. What is v(y)?
11
Let d(r) be the third derivative of -r**5/60 + r**4/12 + r**3/3 - r**2. Suppose -6*o = -3*o + 5*n + 6, -2*o = -4*n + 4. Calculate d(o).
-6
Let s(b) = 3*b**3 - 9*b**2 - 13*b - 9. Let o(p) = -2*p**3 + 5*p**2 + 7*p + 5. Let i(l) = 5*o(l) + 3*s(l). Calculate i(-3).
19
Suppose 14 - 6 = 4*o. Let t(z) = z - 2. Let i(j) = -2. Let a be ((-3)/(-4))/((-2)/8). Let h(v) = a*i(v) + o*t(v). What is h(-2)?
-2
Let p(z) be the third derivative of z**6/120 + z**5/15 - z**4/12 + z**3/6 + 20*z**2. What is p(-3)?
16
Let n(l) = -2*l - 2. Let q be (-1 + (-4)/(-12))*3. Determine n(q).
2
Let k(q) = q**3 + 5*q**2 - 5*q - 1. Let d = 3 - -1. Suppose -i = -5*f - 26, f - d*i - 2 = -2*i. What is k(f)?
-7
Suppose 0 = -3*c - c + 64. Suppose -3*t + b = -8*t - c, -t + 2*b = 1. Let u(d) = 4*d + 4. Let w(f) = -3*f - 3. Let p(s) = -5*u(s) - 8*w(s). What is p(t)?
-8
Let p(x) be the second derivative of -x**5/10 + x**4/6 + x**3/6 - x**2 + 2*x. Let j = 7 - 5. Calculate p(j).
-8
Let a be 2 - (0 - 2/1). Let u = 7 - a. Let r(g) = g**3 - 2*g**2 - 4*g + 1. Give r(u).
-2
Let l(f) = -f**2 - f - 6. Let g(t) = 3*t**2 + t - 1. Let x be g(1). Suppose -2*v + 2 = -6. Suppose -x*u + v*u = 0. What is l(u)?
-6
Let u(h) be the second derivative of h**4/12 - 5*h**3/6 - 3*h**2 + 3*h. Let r be (-26)/(-6) + 12/18. Determine u(r).
-6
Let u(x) = x**2 - 7*x + 4. Let l be (2/(-4))/(2/(-16)). Let h be l + -3 - (2 - 7). Determine u(h).
-2
Let s(k) be the first derivative of -k**4/4 + 2*k**3/3 - k + 1. Suppose 5*m - 10 = -0*m. Determine s(m).
-1
Let m(j) = -5 + 0*j + 3 - j. Calculate m(6).
-8
Suppose 5*v + 4*l = 18, -3*v = -0*v - l - 21. Let n(r) = 8 + 5*r - 22*r + 7*r + 7*r. Give n(v).
-10
Let s = -6 - -9. Suppose 1 = 4*y - s. Let z(p) = -4*p - 1. Give z(y).
-5
Let q(z) = -2*z + 3*z - 2*z. Let g(n) = -n**2 + 15*n - 48. Let s be g(9). What is q(s)?
-6
Suppose -3*f - 36 = 4*z, 0 = 5*f - 2*f - 12. Let h be (-12)/(-5)*10/3. Let u be (-6)/h - (-3)/z. Let j(w) = 8*w**2 - w. Give j(u).
9
Let k(m) = -2*m**2. Le